*2 - 61*u - 12. What are the prime factors of a(10)?
2, 239
Let o be -271*(-2 + -2 + 5). Let q = o - -502. Let f = q - 165. What are the prime factors of f?
2, 3, 11
Suppose 4*p - 22 + 62 = 0. List the prime factors of (-1745)/p + 12/8.
2, 11
Let q = -3239 + 7326. What are the prime factors of q?
61, 67
Let k be (1 + (-8)/6)*21. Let f = -50 - k. Let v = 76 + f. What are the prime factors of v?
3, 11
Suppose -4507*x + 4517*x - 25730 = 0. What are the prime factors of x?
31, 83
List the prime factors of -1091*(20/(-5) - -1*3).
1091
Let c(u) = -u**2 - 9*u - 5. Let o be c(-8). Suppose -h - 8 = -2*h + 5*t, -o*h + 6 = 3*t. What are the prime factors of (h + 15/(-6))*58?
29
Suppose -440 = -5*m - 4*o + 2510, o = -3*m + 1777. List the prime factors of m.
2, 3, 11
Suppose -5*x - 14 = 3*h - 81, -h = 3*x - 37. What are the prime factors of ((2 - x) + 0)*-1?
3
Let b be (-11 + -10)/(-1 + 0). Let l be b/5 + 12/15. Suppose -74 = 3*y - 5*y - l*g, 4*y - 124 = 2*g. List the prime factors of y.
2
Suppose 0 = -0*c - c + 1. Let a(v) = -29*v - 1 + c + 32*v. List the prime factors of a(5).
3, 5
Let n(f) be the second derivative of 11*f**3/6 - f**2/2 - 2*f. Let d be n(-1). Let r = d + 36. List the prime factors of r.
2, 3
Suppose 4*m + 36 = 5*m. Suppose -y = y + 2*v - m, v + 90 = 5*y. What are the prime factors of y?
2, 3
Let g be 6/(2 - 288/140). Let i be 1/2 + g/30. What are the prime factors of (2 - 57/i) + 2?
23
List the prime factors of ((-21)/(-4))/(-3*2/(-24)).
3, 7
Let q = -1500 + 2189. Suppose 0 = -4*f - q + 1877. List the prime factors of f.
3, 11
Suppose -11*b - 14 = -3. What are the prime factors of 10/14 + b - 5845/(-49)?
7, 17
Let l = 41 + -37. Let d be (-15)/(1/((-98)/(-3))). What are the prime factors of 6/l*d/(-21)?
5, 7
Suppose -18*o + 504 = -14*o. Suppose 3*y - 197 = 5*s, 2*y - o = 4*s - 2*s. What are the prime factors of y?
59
Suppose -55 = 3*q - 8*q. Let k = 16 - q. Suppose 2*b + 39 = k*b. What are the prime factors of b?
13
Let s = -520 - -358. What are the prime factors of s/10*(-8 - (2 - 5))?
3
Suppose 0 = -2*p + 4, -2*n = 4*p + p - 16. Suppose 0 = -4*l - 2*d + 70, -2*l + 51 = l + n*d. What are the prime factors of l?
2, 3
Let v = 123 + 373. List the prime factors of v.
2, 31
Let b(u) be the third derivative of 0*u + 3/2*u**3 + u**2 + 1/12*u**4 - 1/15*u**5 + 1/120*u**6 + 0. List the prime factors of b(5).
2, 11
Suppose -o + 5*z + 201 = 0, o - 3*z - 173 - 36 = 0. Suppose -5*a + 124 + o = 0. Let r = 130 - a. What are the prime factors of r?
61
Let b = 71 - 19. Let x = 131 + -167. Let o = x + b. List the prime factors of o.
2
Let l = 53 + 27. Suppose -3*v + 64 = -l. What are the prime factors of v?
2, 3
Suppose 7*g - 28 = 7. Suppose 0 = -y - g*z + 39, 3*y - 2*z - 171 = z. What are the prime factors of y?
2, 3
Suppose 4*i - 2*j = 5098, -13*i + 1273 = -12*i + j. What are the prime factors of i?
2, 7, 13
Let u be 16/(-10) - -2 - (-54)/15. What are the prime factors of ((-62)/(-8) + 1 + 1)*u?
3, 13
Let z = 178 + -135. Suppose 15 = 3*a, -2*u - 8 + z = -5*a. List the prime factors of u.
2, 3, 5
Let c(v) = -v**2 + 7*v + 1. Let l be c(7). Let g(m) = 9*m - 3. List the prime factors of g(l).
2, 3
Let b = -3 - -3. Suppose -3*i = w, b*i + i = 3*w. Suppose i = -o - 4*a + 24, 2*o + 7*a - 2*a = 42. What are the prime factors of o?
2
Let d(s) = -s + 1. Let x(u) = -7 + 2*u + 0 + 12*u + 6*u. Let o(c) = 6*d(c) + x(c). What are the prime factors of o(6)?
83
List the prime factors of (-22)/121 - 6140/(-11).
2, 3, 31
Suppose 162 = -27*i + 24*i. What are the prime factors of (-6)/i + (-4804)/18*-1?
3, 89
Let i = -108 - -130. Suppose 5*p = 20, p = -0*f + 2*f - i. What are the prime factors of f?
13
Let p(z) = z**2 + 8*z - 5 - z**2 - z**2. Let t be (-3)/2 - (0 + (-45)/6). What are the prime factors of p(t)?
7
Suppose -95*m = -109*m + 13090. List the prime factors of m.
5, 11, 17
Suppose -432*i = -426*i - 2784. List the prime factors of i.
2, 29
List the prime factors of -6 - (-2 + 1126/(-1)).
2, 3, 11, 17
Let r(q) = q**3 - 8*q**2 + 28*q - 171. List the prime factors of r(8).
53
Let y = 2 + 0. Suppose o - 7 = -y*j, 3 - 7 = -2*j - 2*o. Suppose 3*p + 0*p = -j*k + 235, -5*k = -p - 235. List the prime factors of k.
47
Suppose 608 = -3*w + 3974. List the prime factors of w.
2, 3, 11, 17
Suppose -2*d = 2*c - 1254, -3*d + 881 = 5*c - 998. Let t = d + -405. What are the prime factors of t?
223
Suppose 11818 = 13*d - 6707. List the prime factors of d.
3, 5, 19
Suppose -h - 5*s = -399, -h + s = -3*h + 753. What are the prime factors of h?
2, 11, 17
List the prime factors of -2 - ((-2)/9 - 1446/54).
5
Let p = -36 + 51. Suppose -3*y + 2*y - p = -b, -6 = -b - 2*y. Suppose 0 = -5*i - 4*q + 190, 4*q = 32 - b. What are the prime factors of i?
2, 17
Let q be (0 - 1 - -22)/(2 + -3). What are the prime factors of q/((9/(-6) - -2)*-2)?
3, 7
Suppose -4*l = 5*i - 623, -2*l - 6*i + 8*i + 316 = 0. List the prime factors of l.
157
Suppose w = -5*g + 367, -5*g + 1498 = -0*w + 4*w. Let r = w - 219. List the prime factors of r.
2, 79
Let r(h) be the first derivative of 6*h**4 - 2*h**3/3 + h**2 - h - 2. Let z(x) = -x**2 + 6*x - 4. Let p be z(5). What are the prime factors of r(p)?
23
Suppose 19*p - 5537 = -1262. List the prime factors of p.
3, 5
Let h be (-143)/(-66) + (-2)/12. Suppose f - 163 = -h*l, -3*f - 2*f + 755 = -5*l. Let o = -76 + f. List the prime factors of o.
79
Suppose -2*q + v = -1389, -5*v = -4*v - 3. What are the prime factors of q?
2, 3, 29
Let t = -359 - -551. What are the prime factors of t?
2, 3
Let j(c) = 3*c**2 + c - 4. Let h be 4 + 6*(-2)/4. Let w = -2 - h. What are the prime factors of j(w)?
2, 5
Let w = 8690 + -4492. List the prime factors of w.
2, 2099
Let p = 4638 - 518. List the prime factors of p.
2, 5, 103
Let g = 6 + -2. Suppose 0 = -g*v + 120 + 152. What are the prime factors of v?
2, 17
Suppose 5*f - 4*h - 4366 + 1129 = 0, -h = -f + 648. What are the prime factors of f?
3, 5, 43
Let a(p) = -p - 17. Let u be a(13). Let b = u - -33. Suppose c = -0*g + b*g, 2*c - 7 = -g. What are the prime factors of c?
3
Let p(s) = -s**3 + 23*s**2 + 30*s + 38. Let v = -54 - -78. What are the prime factors of p(v)?
2, 7, 13
What are the prime factors of ((-140)/3)/((-1 - 2)/9)?
2, 5, 7
Suppose -3*k + 4 = -k. Let a(j) = 6*j - 7. Let u be a(k). Let t = u + 27. What are the prime factors of t?
2
Let w(h) be the first derivative of 2 + 1/4*h**4 + 17/2*h**2 - 18*h - 5*h**3. List the prime factors of w(14).
2, 3
Let m be 1*(16/12 - 4/(-6)). Suppose 15 = m*q - 235. List the prime factors of q.
5
Suppose -23 = 2*c + 1. Let u = -14 - c. List the prime factors of 4 + (-1 - -2)*u.
2
Suppose -2*x + 3*l = -1615, 13*x = 10*x + 5*l + 2421. What are the prime factors of x?
2, 7, 29
Let x = -18 + 19. Let y be -255*(x - (-8)/(-6)). Suppose -3*o + y = -29. What are the prime factors of o?
2, 19
Suppose 3*z - 7 = -p, 0*z + 3*z + 4*p = -8. Suppose -z*j = -5*j + 47. List the prime factors of j.
47
Suppose 4*p = -3*w + 2319, 2*w + 0*p - 1535 = p. What are the prime factors of w?
769
Let i be 4 - (-85 + 8 + -4). Let w = 5 + 0. Suppose -i - 55 = -w*q. What are the prime factors of q?
2, 7
Suppose 46*a = 41*a + 3*b + 1513, b = -3*a + 919. What are the prime factors of a?
5, 61
Let k = 107 - -246. What are the prime factors of (-4)/18 + k/9 + 4?
43
Let k = -25 + 12. Let m = k + 48. What are the prime factors of m?
5, 7
Let l(r) = -2*r**2 - 14*r + 1. Let f be l(-7). List the prime factors of ((-2 + 3)*-31)/(f*-1).
31
Let g be -123*1/((-4)/4). What are the prime factors of g/15 + (3/(-3))/5?
2
Let x(c) = -c**2 + 8*c - 4. Let k be x(6). Suppose k*h = 4*h + 256. Let o = 123 - h. List the prime factors of o.
59
Let g(q) = -q + 9. Let i be g(6). Suppose h - 33 = 4*m, -m + 35 = 3*h + i*m. List the prime factors of h.
17
List the prime factors of (11 + -7)/2 - -9.
11
Let a(j) = -2*j - j**3 + 5*j + 2 - 4*j**2 + 4*j - 2*j. Let o = 11 - 17. List the prime factors of a(o).
2, 11
Suppose 3*m = 5*m - 16. Let r(f) = f + 4 + m*f**2 - f**3 + 0*f - 7*f. List the prime factors of r(5).
7
Suppose 0 = 4*y + 107*n - 106*n - 18557, 0 = 3*y + n - 13917. What are the prime factors of y?
2, 5, 29
Let x(s) = -s**2 + 11*s - 4. Let b be x(10). Let f(c) = -c**3 + 9*c**2 - 16*c + 46. List the prime factors of f(b).
2, 29
Suppose v + 4*i = 4